?
True
Does 418 divide 5682573?
False
Is 1069120 a multiple of 16?
True
Is 618 a factor of 579066?
True
Is 177 a factor of 156979?
False
Is 21388172 a multiple of 7?
False
Does 861 divide 9546768?
True
Is 72 a factor of 4072824?
True
Is 95 a factor of 11420903?
False
Does 10 divide 5261250?
True
Is 12501254 a multiple of 123?
False
Is 249 a factor of 296808?
True
Does 14 divide 163021?
False
Is 1356 a factor of 19934556?
True
Does 12 divide 71585?
False
Is 3699 even?
False
Is 10992520 a multiple of 1540?
True
Is 20 a factor of 269080?
True
Is 21 a factor of 25553?
False
Is 143 a factor of 3323217?
False
Is 575055 a multiple of 45?
True
Is 20 a factor of 4380820?
True
Does 30 divide 963450?
True
Is 35564 a multiple of 34?
True
Is 61 a factor of 3148210?
True
Does 15 divide 3075?
True
Is 25 a factor of 25550?
True
Is 22 a factor of 284288?
False
Does 68 divide 49572?
True
Does 177 divide 77703?
True
Is 134865 a multiple of 15?
True
Does 54 divide 27518?
False
Does 113 divide 18693080?
False
Is 61 a factor of 94661?
False
Is 23238696 a multiple of 156?
True
Is 560 a factor of 23294?
False
Does 93 divide 348099?
True
Does 2 divide 14304?
True
Does 160 divide 2334720?
True
Is 29718630 a multiple of 135?
True
Is 47 a factor of 39170?
False
Is 21 a factor of 2076270?
True
Does 13 divide 998139?
False
Is 33 a factor of 221793?
True
Is 119 a factor of 5300582?
False
Is 4665518 a multiple of 286?
True
Is 1371840 a multiple of 64?
True
Does 156 divide 7254380?
False
Is 173700 a multiple of 18?
True
Does 249 divide 117757?
False
Is 98 a factor of 75486?
False
Does 63 divide 2480310?
True
Is 34594 a multiple of 5?
False
Is 250246 a multiple of 227?
False
Is 313 a factor of 619809?
False
Is 424668 a multiple of 260?
False
Does 29 divide 366299?
True
Is 88 a factor of 243232?
True
Is 1415243 a multiple of 71?
True
Is 32028 a multiple of 4?
True
Is 57842 a multiple of 75?
False
Does 174 divide 849990?
True
Is 177 a factor of 4859004?
True
Does 22 divide 4353052?
True
Does 630 divide 967627?
False
Does 70 divide 560666?
False
Does 188 divide 7870808?
True
Is 615 a factor of 127920?
True
Is 128 a factor of 110208?
True
Is 53 a factor of 21024?
False
Does 96 divide 1388635?
False
Does 70 divide 424705?
False
Does 144 divide 667728?
True
Is 120721 a multiple of 11?
False
Is 2115608 a multiple of 41?
False
Is 67 a factor of 326192?
False
Does 176 divide 54208?
True
Is 184 a factor of 169280?
True
Is 756663 a multiple of 52?
False
Is 208236 a multiple of 67?
True
Is 136 a factor of 10853541?
False
Is 193572 a multiple of 76?
True
Is 634520 a multiple of 12?
False
Does 28 divide 1352411?
False
Does 21 divide 3082296?
True
Is 4 a factor of 5209?
False
Is 791 a factor of 14088874?
False
Does 10 divide 316702?
False
Is 112 a factor of 183232?
True
Is 346813 a multiple of 157?
True
Does 24 divide 2157024?
True
Is 26 a factor of 498619?
False
Does 265 divide 189740?
True
Does 170 divide 692472?
False
Is 658465 a multiple of 54?
False
Does 4 divide 447376?
True
Does 22 divide 174993?
False
Is 298 a factor of 29845?
False
Is 241120 a multiple of 440?
True
Is 237 a factor of 445086?
True
Does 118 divide 14075630?
True
Is 1631855 a multiple of 11?
False
Is 1951880 a multiple of 40?
True
Is 248 a factor of 4407604?
False
Does 12 divide 703383?
False
Is 155 a factor of 35705?
False
Is 375 a factor of 1906125?
True
Is 23 a factor of 707572?
True
Is 22148 a multiple of 452?
True
Is 406 a factor of 684178?
False
Does 4 divide 249235?
False
Is 267900 a multiple of 12?
True
Does 21 divide 84735?
True
Is 176 a factor of 222112?
True
Does 120 divide 1704000?
True
Does 12 divide 1398936?
True
Is 35 a factor of 155610?
True
Is 2899840 a multiple of 460?
True
Is 20520 a multiple of 3?
True
Is 46611 a multiple of 9?
True
Does 387 divide 570051?
True
Is 517532 a multiple of 218?
True
Is 8898315 a multiple of 2245?
False
Does 39 divide 5187?
True
Does 13 divide 1188959?
False
Does 102 divide 3935466?
True
Is 133371 a multiple of 261?
True
Is 5 a factor of 3419784?
False
Is 6 a factor of 904856?
False
Is 14 a factor of 85302?
True
Does 11 divide 1726307?
True
Does 36 divide 135525?
False
Is 2953845 a multiple of 8?
False
Is 168996 a multiple of 199?
False
Is 125 a factor of 111750?
True
Does 36 divide 545667?
False
Does 117 divide 285129?
True
Does 258 divide 197370?
True
Is 427172 a multiple of 243?
False
Does 692 divide 219364?
True
Is 3174800 a multiple of 136?
False
Is 169 a factor of 28053?
False
Is 87314 a multiple of 29?
False
Is 789112 a multiple of 22?
False
Is 56678 a multiple of 40?
False
Is 89442 a multiple of 104?
False
Does 69 divide 9922136?
False
Does 19 divide 279528?
True
Does 4 divide 944263?
False
Is 119 a factor of 1996254?
False
Is 196908 a multiple of 400?
False
Does 350 divide 180250?
True
Does 347 divide 1513614?
True
Is 4463020 a multiple of 52?
False
Is 41 a factor of 609909?
False
Does 38 divide 8674678?
True
Does 11 divide 2448287?
False
Is 100 a factor of 54786?
False
Is 5014430 a multiple of 227?
True
Is 272095 a multiple of 57?
False
Is 945798 a multiple of 24?
False
Does 15 divide 161250?
True
Is 24 a factor of 1409254?
False
Is 215645 a multiple of 295?
True
Does 133 divide 6623001?
True
Is 151495 a multiple of 82?
False
Is 378 a factor of 340200?
True
Does 20 divide 5247939?
False
Is 6576132 a multiple of 146?
True
Is 146 a factor of 5575093?
False
Is 23110 a multiple of 5?
True
Is 107936 a multiple of 32?
True
Is 578 a factor of 16978802?
False
Is 7 a factor of 91497?
True
Is 157824 a multiple of 114?
False
Does 28 divide 2472115?
False
Is 205474 a multiple of 142?
True
Is 115 a factor of 10284?
False
Is 19 a factor of 1094951?
True
Is 70162 a multiple of 2?
True
Is 47339 a multiple of 139?
False
Is 20 a factor of 245860?
True
Is 93235 a multiple of 34?
False
Is 515034 a multiple of 212?
False
Is 34 a factor of 2566227?
False
Does 25 divide 708277?
False
Is 11785328 a multiple of 788?
True
Is 7 a factor of 79692?
False
Is 59 a factor of 733311?
True
Is 10 a factor of 341050?
True
Is 9 a factor of 5879241?
True
Is 85176 a multiple of 504?
True
Is 15 a factor of 270975?
True
Is 2098577 a multiple of 73?
False
Is 119 a factor of 188626?
False
Is 4467117 a multiple of 255?
False
Is 291 a factor of 1059585?
False
Is 145 a factor of 554699?
False
Is 643 a factor of 8345891?
False
Is 2267 a factor of 6812896?
False
Is 699492 a multiple of 426?
True
Is 149233 a multiple of 9?
False
Is 21291878 a multiple of 654?
False
Is 52 a factor of 256336?
False
Is 20 a factor of 20000?
True
Is 23222 a multiple of 2?
True
Is 156209 a multiple of 15?
False
Is 61 a factor of 193675?
True
Is 130995 a multiple of 7?
False
Is 34 a factor of 247144?
False
Is 599010 a multiple of 15?
True
Is 7 a factor of 23453?
False
Is 75 a factor of 323927?
False
Does 122 divide 1371832?
False
Is 456446 a multiple of 4?
False
Is 46 a factor of 1830708?
True
Is 40516 a multiple of 14?
True
Is 11353203 a multiple of 48?
False
Is 27178 a multiple of 18?
False
Is 9 a factor of 20466?
True
Is 67 a factor of 4611866?
False
Does 29 divide 103762?
True
Is 18 a factor of 1990062?
True
Does 112 divide 47712?
True
Is 3 a factor of 515196?
True
Does 32 divide 16760?
False
Is 56990 a multiple of 82?
True
Is 35738 a multiple of 214?
True
Does 22 divide 431295?
False
Is 15213 a multiple of 11?
True
Is 120646 a multiple of 34?
False
Is 26 a factor of 11521484?
True
Is 92542 a multiple of 13?
False
Is 102 a factor of 235537?
False
Is 2073390 a multiple of 610?
True
Does 17 divide 8151109?
True
Is 59 a factor of 115566?
False
Is 7 a factor of 33229?
True
Is 2773182 a multiple of 183?
True
Is 203 a factor of 14451127?
False
Is 10 a factor of 86800?
True
Is 105967 a multiple of 11?
False
Is 4 a factor of 270456?
True
Does 432 divide 7048512?
True
Does 15 divide 4123086?
False
Is 21 a factor of 2339862?
True
Is 278086 a multiple of 17?
True
Is 737 a factor of 2828606?
True
Is 84 a factor of 3245340?
True
Is 6743578 a multiple of 26?
False
Does 87 divide 2151348?
False
Is 16 a factor of 83200?
True
Does 193 divide 1095661?
True
Is 11 a factor of 464442?
True
Does 28 divide 1007104?
True
Does 58 divide 338836?
True
Is 42 a factor of 1727930?
False
Is 11082228 a multiple of 472?
False
Does 135 divide 2816463?
False